the highest common divisor of 14 and g.
2
Suppose 13*u - 127 = -3*c + 15*u, 172 = 4*c - 2*u. What is the greatest common divisor of c and 1080?
45
Let o = -4 + 1. Let h(v) = v**3 + 2*v**2 - 4*v. Let g be h(o). Suppose -g*n + n = -20. What is the greatest common divisor of 70 and n?
10
Let j = 12 - -6. Suppose -4*c = -122 - j. Let m be (-14)/c + 224/10. Calculate the highest common factor of 2 and m.
2
Let f(b) = b**3 - 5*b**2 - 11*b + 17. Let x be (42/24 - (-9)/(-12))*7. Let o be f(x). Calculate the highest common divisor of o and 38.
38
Let o(u) = -15*u**2 + 4*u - 2. Let p be o(5). Let c = p - -742. What is the greatest common divisor of 35 and c?
35
Let a be (3/(-2))/((-33)/(-2860)). Let u = 137 + a. Calculate the greatest common factor of 28 and u.
7
Suppose -4*p - 8 = 0, 5*p - 3 = q - 11. Let m be -4*-15*(3 + q). Calculate the highest common divisor of 12 and m.
12
Let c(a) = 18*a - 1. Let l be c(2). Suppose f = -0*f + l. Let d = -14 + f. Calculate the greatest common factor of 189 and d.
21
Let d(k) = 152*k + 1. Let f be d(1). Let q = 273 - f. What is the greatest common factor of 15 and q?
15
Let i = 502 - 492. Calculate the greatest common factor of 10 and i.
10
Let w be (2/(-3))/(((-15)/288)/5). Let x = w + -30. Calculate the highest common divisor of x and 34.
34
Let m(v) = 8*v**3 - 7*v + 7. Let g be m(2). What is the greatest common factor of g and 285?
57
Suppose w - 48 = 126. Calculate the greatest common divisor of 18 and w.
6
Let b = 14 - -37. Let g be ((-6)/8)/(b/(-136)). Let x be (22/g)/((-19)/(-152)). Calculate the greatest common divisor of 11 and x.
11
Suppose -12*i + 120 = -7*i. Suppose -4*t = -3*t - i. What is the greatest common factor of 3 and t?
3
Let q(k) = -10*k**3 - 9*k**2 - k + 4. Let u be q(-6). Let v be u/8 + 1/4. Let l be (-3 - (-21)/4)/(63/588). What is the greatest common factor of l and v?
21
Suppose d - 1 - 10 = 0. Suppose -l + 146 = 5*k, 895*k = 896*k + 6. What is the highest common divisor of l and d?
11
Suppose -59 = 4*q - 67. Suppose 0 = -5*h - 5*i + 15, -q*i + 5*i = 0. Calculate the highest common factor of 33 and h.
3
Let k = 2685 - 2505. What is the greatest common divisor of 300 and k?
60
Suppose 3*s = 64 + 296. What is the highest common factor of s and 32?
8
Suppose 0 = 3*b - 12, 4*b + 0*b + 24 = 5*g. Let z = -4 + 6. What is the greatest common divisor of g and z?
2
Let x(t) = -t**2 + 3*t - 5. Let n be x(2). Let c be n/(-1)*(12 - 8). Calculate the greatest common factor of 84 and c.
12
Let d(v) = -v - 16. Let x be d(-20). Calculate the highest common factor of 48 and x.
4
Suppose 83*l - 8280 = 23*l. Calculate the highest common divisor of 1725 and l.
69
Suppose y - 133 = -5*b, 6*y - 3*y - 399 = -5*b. Suppose 0*v + 5*v = 15. Let n be 19 + (v + -3)/3. What is the highest common factor of n and y?
19
Let l = -66 + 27. Let h be (-8)/(-52) - 1749/l. Let d be 18 - (-4)/(-1) - -4. Calculate the highest common divisor of d and h.
9
Suppose -3*m + 116 = 5*r - 0*m, -m = -r + 28. What is the greatest common divisor of 15 and r?
5
Suppose -155 = 3*o - 1559. Calculate the highest common divisor of o and 360.
36
Let f(k) = k**2 + 5*k - 31. Let c be f(-11). Let y be 1/((-104)/35 - -3). Calculate the greatest common factor of c and y.
35
Let g be 1147/5*(4 - -6). What is the highest common factor of g and 62?
62
Let y be (-92136)/(-80) - 6/(-20). What is the greatest common factor of 72 and y?
72
Suppose 0 = 3*o - b - 4*b - 101, o - 4*b = 43. Suppose 0 = -63*g + 77*g - 1134. What is the highest common divisor of o and g?
27
Let l = 46 + -26. Let t = -670 + 675. Calculate the greatest common factor of t and l.
5
Suppose -21 = -3*o - 9, 5*j - 15 = 5*o. Suppose -f = -m - 3*m + 418, 515 = 5*m - 5*f. Suppose 9*q - 4*q = m. What is the highest common factor of j and q?
7
Let f be (26/13 - -62) + 2/2. Calculate the highest common divisor of 5 and f.
5
Suppose f - 78 + 0 = 0. Let a be 24 + 4*-3*3/(-18). Calculate the highest common divisor of a and f.
26
Let a be 230 + 0 + (11 - 3). What is the greatest common factor of a and 14?
14
Let w(v) = -3*v + 33. Let f be w(10). Suppose f*j + 3*j - 168 = 0. Calculate the highest common divisor of j and 308.
28
Let z = -41 - -51. Let i be ((-16)/(-5))/(4/z). Calculate the greatest common factor of i and 2.
2
Suppose 166 = 3*b - s, -176 = -64*b + 61*b - s. Calculate the greatest common factor of 3192 and b.
57
Let o(q) = 1 + 17*q**2 - 1 + 4 - 2 + 2*q. Let s be o(-2). Calculate the highest common divisor of s and 22.
22
Let l(i) = 2*i**3 - 12*i**2 - 24*i. Let k be l(8). Calculate the highest common divisor of k and 8.
8
Suppose c + 1083 = 6*c - 3*z, 5*c + 3*z - 1077 = 0. Calculate the highest common divisor of c and 16.
8
Let v = 68 + -44. What is the greatest common divisor of v and 408?
24
Let f be 4 + (0 - -5) + -2. Let k = 1 + f. Let r(i) = i**2 - 6*i - 7. Let m be r(k). What is the highest common divisor of m and 72?
9
Let u(v) = 7 - 4*v + 4*v - 9 + 25*v**2 + v. Let b(x) = -x**2 - 6*x - 4. Let c be b(-5). Let t be u(c). Calculate the greatest common factor of t and 16.
8
Let q be 19664/36 + 4/(-18). Suppose 0*n - 13*n + q = 0. Calculate the highest common divisor of n and 14.
14
Suppose 0 = 2*k - 7*k + 30. Suppose -k = -4*v + v. Suppose v*q - 9 = q. Calculate the greatest common factor of 99 and q.
9
Let k = 97 + -86. What is the highest common divisor of k and 44?
11
Let i be (-138*10/(-240))/((-1)/(-4)). Calculate the highest common factor of 368 and i.
23
Let o be -3*101*((-70)/14 + 4). Calculate the greatest common factor of o and 3.
3
Let h be ((-4)/(-6))/(13/351). Calculate the greatest common divisor of h and 27.
9
Let u(k) = 7*k + 506. Let x be u(-69). What is the highest common factor of x and 1357?
23
Suppose -3*w + 19*l - 24*l = -207, 207 = 3*w + 3*l. What is the greatest common divisor of w and 3?
3
Let d be 11*1*(4 + -3). Suppose -d*w = -14*w. Suppose -66 = -6*l - w*l. What is the highest common divisor of l and 77?
11
Suppose 0 = -4*i - 23 + 79. Let c = 18 - i. Let n be (104/6)/(c/6). What is the greatest common factor of 208 and n?
26
Let b(p) = -p**2 + 7*p - 12. Let i be b(5). Let a be (i + 1)/((-3)/39). Calculate the greatest common factor of 13 and a.
13
Let s(x) = x**3 - 13*x**2 + 2. Let c be s(13). Let i(z) = 7 - c*z - z**2 + 2*z + 3*z + 5*z. Let w be i(7). Calculate the highest common divisor of w and 154.
14
Let f = -524 + 587. Let x = -18 + 25. Calculate the highest common factor of x and f.
7
Suppose 86 = 4*q - 3*n - 37, 0 = -q - 4*n + 7. What is the highest common factor of q and 9?
9
Suppose -10*x - 2 = 808. Let z = 113 + x. Calculate the greatest common divisor of z and 4.
4
Let x(l) = 17*l - 4. Let a be x(2). Let w be 6/(a/25) - -3. What is the greatest common factor of w and 4?
4
Let t = 12 + -8. Suppose 2*i + 2*i = -5*l - 39, -t*l = 4*i + 36. Let b be (4/i)/((-12)/54). Calculate the greatest common divisor of b and 27.
3
Suppose 0 = 2*r - 3*r - c + 124, -4*c = -4*r + 504. What is the highest common factor of r and 75?
25
Suppose -91 = -2*l - 3*n + 40, -324 = -5*l - 4*n. What is the highest common divisor of 10 and l?
2
Suppose -2*a - 74 = 4*h, 50 = -3*h + 2*a + 2*a. Let i be (h/5)/(6*(-1)/20). What is the highest common divisor of 36 and i?
12
Suppose 0*i + 6*i - 6 = 0. Suppose 2*v + i = 25. Let c = 5 - 2. What is the highest common factor of v and c?
3
Suppose -6*t + 92 - 32 = 0. Suppose -t*s + 29 = -9*s. What is the highest common divisor of 232 and s?
29
Let f(y) = -y**2 + 13*y - 37. Let i be f(5). Let p be (0 - 4) + i + 22. Calculate the greatest common divisor of 168 and p.
21
Let y(g) = 4*g**2 + g - 14. Let s be y(-7). What is the greatest common divisor of s and 25?
25
Let o be 411/21 + 9/21. Let q be 6/8 + 197/4. Suppose 5*x - 150 = -q. Calculate the highest common divisor of x and o.
20
Let j be 9/12*(-256)/(-40)*5. Calculate the greatest common divisor of 32 and j.
8
Suppose 5*s - 188 - 487 = 0. Let m(y) = -145*y + 450. Let f be m(3). What is the highest common divisor of s and f?
15
Let s(q) = 13 + q + 4*q - 4*q. Let k be -1 + (-2 - -3)*-6. Let b be s(k). Calculate the greatest common factor of 15 and b.
3
Let s(w) = w**3 + 10*w**2 + 5*w - 1. Let b be s(-4). Let f = -30 + b. Calculate the greatest common divisor of 15 and f.
15
Suppos